002390?
False
Is 1167041 a multiple of 143?
False
Is 4 a factor of 2611992?
True
Does 475 divide 47975?
True
Is 316894 a multiple of 174?
False
Is 878925 a multiple of 281?
False
Is 16 a factor of 171945?
False
Is 149877 a multiple of 61?
True
Is 383220 a multiple of 36?
True
Is 462 a factor of 3492076?
False
Does 11 divide 209412?
False
Is 19 a factor of 2195754?
True
Does 20 divide 13859434?
False
Does 140 divide 5472322?
False
Is 32 a factor of 1281664?
True
Is 21954 a multiple of 3?
True
Is 80 a factor of 62400?
True
Is 1800798 a multiple of 4?
False
Is 33 a factor of 1621356?
True
Does 64 divide 2631040?
True
Is 268705 a multiple of 61?
True
Is 9 a factor of 1545237?
True
Is 276032 a multiple of 30?
False
Is 37 a factor of 3355559?
False
Does 186 divide 731538?
True
Is 5700756 a multiple of 4?
True
Is 437118 a multiple of 133?
False
Is 232308 a multiple of 3?
True
Is 1664202 a multiple of 6?
True
Is 113530 a multiple of 3?
False
Is 126 a factor of 5784660?
True
Is 268 a factor of 5951744?
True
Is 13 a factor of 1598577?
False
Is 50752 a multiple of 61?
True
Is 122 a factor of 8373714?
True
Does 209 divide 30784202?
False
Is 328 a factor of 542160?
False
Is 686646 a multiple of 222?
True
Is 3178018 a multiple of 114?
False
Is 102 a factor of 250025?
False
Is 41 a factor of 232400?
False
Is 347 a factor of 3911731?
True
Is 567506 a multiple of 19?
False
Is 2397292 a multiple of 367?
False
Is 10 a factor of 418967?
False
Does 307 divide 1016477?
True
Is 197 a factor of 35107?
False
Does 20 divide 164840?
True
Is 24 a factor of 46704?
True
Is 12 a factor of 1359192?
True
Is 30 a factor of 3308215?
False
Is 28 a factor of 194455?
False
Does 64 divide 4919360?
True
Does 88 divide 578864?
True
Is 733584 a multiple of 372?
True
Does 437 divide 76912?
True
Is 100903 a multiple of 26?
False
Is 732 a factor of 3050244?
True
Is 90 a factor of 503100?
True
Is 44633 a multiple of 21?
False
Is 166356 a multiple of 12?
True
Is 14 a factor of 872898?
False
Is 3 a factor of 48394?
False
Is 47 a factor of 284431?
False
Does 160 divide 282324?
False
Is 72731 a multiple of 15?
False
Is 28 a factor of 1330280?
True
Does 7 divide 14175?
True
Is 495 a factor of 11358270?
True
Is 321687 a multiple of 2?
False
Is 26 a factor of 580216?
True
Is 56536 a multiple of 71?
False
Is 8 a factor of 29163?
False
Is 203 a factor of 182091?
True
Does 84 divide 305592?
True
Is 501345 a multiple of 45?
True
Does 254 divide 2512060?
True
Is 4 a factor of 1969232?
True
Does 228 divide 252168?
True
Does 102 divide 27251?
False
Is 1713250 a multiple of 36?
False
Does 15 divide 2898945?
True
Is 10 a factor of 4850?
True
Does 153 divide 502501?
False
Is 38 a factor of 45068?
True
Does 14 divide 298862?
False
Is 1671096 a multiple of 3?
True
Does 49 divide 11598300?
True
Is 670884 a multiple of 592?
False
Does 15 divide 4383912?
False
Does 179 divide 279419?
True
Does 53 divide 23002?
True
Does 147 divide 9105033?
True
Is 37 a factor of 5223444?
False
Does 65 divide 5119744?
False
Is 21 a factor of 338205?
True
Is 7 a factor of 119919?
False
Does 9 divide 1729024?
False
Is 139062 a multiple of 3?
True
Is 129 a factor of 154929?
True
Is 15 a factor of 1519614?
False
Does 3 divide 194247?
True
Does 119 divide 3574046?
True
Is 197758 even?
True
Is 1676923 a multiple of 47?
False
Is 628992 a multiple of 112?
True
Is 54 a factor of 16055982?
True
Does 29 divide 927710?
True
Is 426 a factor of 3161287?
False
Is 3495414 a multiple of 607?
False
Is 4 a factor of 1768376?
True
Does 34 divide 130934?
True
Is 4400108 a multiple of 159?
False
Does 203 divide 819308?
True
Is 20 a factor of 6980657?
False
Is 38 a factor of 15218795?
False
Is 442712 a multiple of 10?
False
Is 106 a factor of 5406?
True
Is 131 a factor of 489023?
True
Is 1570496 a multiple of 212?
True
Is 54987 a multiple of 76?
False
Is 150 a factor of 669934?
False
Does 23 divide 394479?
False
Is 20766608 a multiple of 23?
True
Is 11 a factor of 926359?
False
Is 14 a factor of 9550198?
True
Is 42 a factor of 262458?
True
Is 125 a factor of 167500?
True
Is 2351776 a multiple of 25?
False
Is 155520 a multiple of 324?
True
Does 14 divide 4880834?
True
Is 11005 a multiple of 155?
True
Does 189 divide 5929?
False
Does 369 divide 3088396?
False
Is 6373164 a multiple of 28?
True
Is 19 a factor of 560024?
False
Does 386 divide 6176?
True
Is 10 a factor of 12805043?
False
Does 89 divide 1174219?
False
Is 81 a factor of 107163?
True
Does 1208 divide 275424?
True
Is 3373192 a multiple of 1114?
True
Does 27 divide 337662?
True
Is 32238 a multiple of 6?
True
Does 12 divide 142439?
False
Does 23 divide 215469?
False
Is 16 a factor of 165047?
False
Is 39 a factor of 327420?
False
Does 9 divide 1872353?
False
Is 18 a factor of 2520828?
True
Is 33 a factor of 8834595?
True
Does 29 divide 3199322?
False
Is 132 a factor of 21648?
True
Does 41 divide 893699?
False
Is 28 a factor of 800911?
False
Is 2243397 a multiple of 23?
True
Does 6 divide 5060118?
True
Is 5 a factor of 27434?
False
Is 1479702 a multiple of 722?
False
Does 323 divide 1139221?
True
Does 294 divide 27342?
True
Is 94 a factor of 20871?
False
Is 32836 a multiple of 2?
True
Is 11 a factor of 528363?
True
Is 2267382 a multiple of 64?
False
Does 21 divide 41469687?
True
Does 134 divide 4139528?
True
Is 182579 a multiple of 34?
False
Is 16 a factor of 1161456?
True
Is 83 a factor of 83166?
True
Is 10374791 a multiple of 257?
False
Is 858782 a multiple of 4?
False
Does 89 divide 64786?
False
Does 4 divide 227003?
False
Does 535 divide 13222079?
False
Is 5 a factor of 2470?
True
Is 78594 a multiple of 2?
True
Is 50626 a multiple of 2?
True
Does 6 divide 869560?
False
Is 57 a factor of 582631?
False
Does 155 divide 236870?
False
Does 18 divide 2331270?
True
Does 13 divide 65478?
False
Is 4700790 a multiple of 570?
True
Is 4658000 a multiple of 125?
True
Is 9 a factor of 437372?
False
Does 667 divide 1291312?
True
Is 233 a factor of 4806557?
True
Does 369 divide 657987?
False
Is 16 a factor of 148166?
False
Is 305285 a multiple of 127?
False
Is 7 a factor of 1200157?
True
Is 13 a factor of 2098?
False
Is 573720 a multiple of 120?
True
Is 22 a factor of 4921202?
True
Does 2 divide 85937?
False
Is 3192618 a multiple of 13?
True
Does 11 divide 499435?
False
Is 3 a factor of 75084?
True
Is 1013520 a multiple of 123?
True
Does 238 divide 392698?
False
Is 160392 a multiple of 564?
False
Does 126 divide 723114?
True
Is 107 a factor of 334803?
True
Does 591 divide 42552?
True
Is 34 a factor of 3582104?
True
Is 2587671 a multiple of 23?
False
Is 9438012 a multiple of 186?
True
Is 49 a factor of 556066?
False
Is 253784 a multiple of 48?
False
Is 20 a factor of 104292?
False
Is 44 a factor of 1800524?
True
Is 122192 a multiple of 3?
False
Is 735814 a multiple of 115?
False
Is 71 a factor of 450211?
True
Is 11 a factor of 594528?
True
Does 12 divide 7829151?
False
Is 2578416 a multiple of 350?
False
Is 100 a factor of 22128481?
False
Is 562 a factor of 4498248?
True
Is 404 a factor of 152577?
False
Does 2 divide 25788?
True
Is 1164450 a multiple of 14?
True
Does 14 divide 920584?
True
Is 1335 a multiple of 2?
False
Is 1881980 a multiple of 203?
False
Does 239 divide 1467460?
True
Does 40 divide 3139897?
False
Is 153 a factor of 58877?
False
Does 95 divide 42689?
False
Is 8 a factor of 194080?
True
Is 29 a factor of 72446?
False
Is 297115 a multiple of 57?
False
Is 723075 a multiple of 31?
True
Is 499239 a multiple of 311?
False
Is 235 a factor of 2679705?
True
Is 26082 a multiple of 27?
True
Does 7 divide 2768535?
True
Is 223 a factor of 2207563?
False
Is 3237616 a multiple of 68?
True
Does 40 divide 23055?
False
Is 62522 a multiple of 3?
False
Is 991544 a multiple of 41?
True
Is 4 a factor of 1244640?
True
Does 131 divide 342652?
False
Is 3 a factor of 23859?
True
Is 32 a factor of 2971494?
False
Is 7 a factor of 573693?
False
Is 25 a factor of 416375?
True
Does 56 divide 6328705?
False
Is 4 a factor of 279595?
False
Does 52 divide 159640?
True
Is 54209 a multiple of 151?
True
Is 44909 a multiple of 3?
False
Is 37 a factor of 97236?
True
Does 45 divide 40860?
True
Does 10 divide 5465472?
False
Is 26 a factor of 7601?
False
Is 16 a factor of 168200?
False
Does 3 divide 15870?
True
Does 263 divide 799